{"id":943,"date":"2020-10-20T21:51:14","date_gmt":"2020-10-20T19:51:14","guid":{"rendered":"http:\/\/sv014.be\/?page_id=943"},"modified":"2025-04-09T09:21:07","modified_gmt":"2025-04-09T07:21:07","slug":"route","status":"publish","type":"page","link":"http:\/\/sv014.be\/index.php\/route\/","title":{"rendered":"Route"},"content":{"rendered":"\n<figure class=\"wp-block-image size-full is-resized\"><img loading=\"lazy\" decoding=\"async\" width=\"246\" height=\"303\" src=\"http:\/\/sv014.be\/wp-content\/uploads\/2025\/04\/image-2.png\" alt=\"\" class=\"wp-image-1309\" style=\"width:140px;height:auto\" srcset=\"http:\/\/sv014.be\/wp-content\/uploads\/2025\/04\/image-2.png 246w, http:\/\/sv014.be\/wp-content\/uploads\/2025\/04\/image-2-244x300.png 244w\" sizes=\"(max-width: 246px) 85vw, 246px\" \/><\/figure>\n\n\n\n<p><\/p>\n\n\n\n<p>La <strong>Route<\/strong>, c\u2019est l\u2019aboutissement d\u2019un cheminement scout et l\u2019ouverture vers un engagement concret, personnel et collectif. Elle se vit entre <strong>18 et 30 ans<\/strong> et prend forme autour d\u2019un <strong>projet porteur de sens<\/strong>.<\/p>\n\n\n\n<p><strong>Un engagement inspir\u00e9 par l\u2019id\u00e9al scout<\/strong><\/p>\n\n\n\n<p>Chaque projet \u00e0 la Route est guid\u00e9 par les <strong>valeurs scoutes<\/strong> que tu as faites tiennes tout au long de ton parcours. <\/p>\n\n\n\n<p>S&rsquo;engager \u00e0 la Route, c\u2019est aussi choisir d\u2019avoir un impact l\u00e0 o\u00f9 tu vis, mais aussi plus largement dans la soci\u00e9t\u00e9. Le projet s\u2019inscrit dans une <strong>d\u00e9marche de service et d\u2019ouverture au monde<\/strong>, illustr\u00e9e par le <strong>planisph\u00e8re<\/strong> du logo.<\/p>\n\n\n\n<p><strong>Un projet de groupe, une aventure collective<\/strong><\/p>\n\n\n\n<p>Une Route, c\u2019est <strong>un projet partag\u00e9<\/strong> : plusieurs activit\u00e9s rassembl\u00e9es autour d\u2019un <strong>th\u00e8me ou d\u2019un objectif commun<\/strong>. Cette aventure collective permet de conjuguer les forces, les id\u00e9es et les talents.<\/p>\n\n\n\n<p><\/p>\n","protected":false},"excerpt":{"rendered":"<p>La Route, c\u2019est l\u2019aboutissement d\u2019un cheminement scout et l\u2019ouverture vers un engagement concret, personnel et collectif. Elle se vit entre 18 et 30 ans et prend forme autour d\u2019un projet porteur de sens. Un engagement inspir\u00e9 par l\u2019id\u00e9al scout Chaque projet \u00e0 la Route est guid\u00e9 par les valeurs scoutes que tu as faites tiennes &hellip; <a href=\"http:\/\/sv014.be\/index.php\/route\/\" class=\"more-link\">Continuer la lecture<span class=\"screen-reader-text\"> de &laquo;&nbsp;Route&nbsp;&raquo;<\/span><\/a><\/p>\n","protected":false},"author":10,"featured_media":0,"parent":0,"menu_order":0,"comment_status":"closed","ping_status":"closed","template":"","meta":{"footnotes":""},"_links":{"self":[{"href":"http:\/\/sv014.be\/index.php\/wp-json\/wp\/v2\/pages\/943"}],"collection":[{"href":"http:\/\/sv014.be\/index.php\/wp-json\/wp\/v2\/pages"}],"about":[{"href":"http:\/\/sv014.be\/index.php\/wp-json\/wp\/v2\/types\/page"}],"author":[{"embeddable":true,"href":"http:\/\/sv014.be\/index.php\/wp-json\/wp\/v2\/users\/10"}],"replies":[{"embeddable":true,"href":"http:\/\/sv014.be\/index.php\/wp-json\/wp\/v2\/comments?post=943"}],"version-history":[{"count":10,"href":"http:\/\/sv014.be\/index.php\/wp-json\/wp\/v2\/pages\/943\/revisions"}],"predecessor-version":[{"id":1325,"href":"http:\/\/sv014.be\/index.php\/wp-json\/wp\/v2\/pages\/943\/revisions\/1325"}],"wp:attachment":[{"href":"http:\/\/sv014.be\/index.php\/wp-json\/wp\/v2\/media?parent=943"}],"curies":[{"name":"wp","href":"https:\/\/api.w.org\/{rel}","templated":true}]}}

<figure class="wp-block-image size-full is-resized"><img loading="lazy" decoding="async" width="246" height="303" src="http://sv014.be/wp-content/uploads/2025/04/image-2.png" alt="" class="wp-image-1309" style="width:140px;height:auto" srcset="http://sv014.be/wp-content/uploads/2025/04/image-2.png 246w, http://sv014.be/wp-content/uploads/2025/04/image-2-244x300.png 244w" sizes="(max-width: 246px) 85vw, 246px" /></figure>



<p></p>



<p>La <strong>Route</strong>, c’est l’aboutissement d’un cheminement scout et l’ouverture vers un engagement concret, personnel et collectif. Elle se vit entre <strong>18 et 30 ans</strong> et prend forme autour d’un <strong>projet porteur de sens</strong>.</p>



<p><strong>Un engagement inspiré par l’idéal scout</strong></p>



<p>Chaque projet à la Route est guidé par les <strong>valeurs scoutes</strong> que tu as faites tiennes tout au long de ton parcours. </p>



<p>S&rsquo;engager à la Route, c’est aussi choisir d’avoir un impact là où tu vis, mais aussi plus largement dans la société. Le projet s’inscrit dans une <strong>démarche de service et d’ouverture au monde</strong>, illustrée par le <strong>planisphère</strong> du logo.</p>



<p><strong>Un projet de groupe, une aventure collective</strong></p>



<p>Une Route, c’est <strong>un projet partagé</strong> : plusieurs activités rassemblées autour d’un <strong>thème ou d’un objectif commun</strong>. Cette aventure collective permet de conjuguer les forces, les idées et les talents.</p>



<p></p>

<p>La Route, c’est l’aboutissement d’un cheminement scout et l’ouverture vers un engagement concret, personnel et collectif. Elle se vit entre 18 et 30 ans et prend forme autour d’un projet porteur de sens. Un engagement inspiré par l’idéal scout Chaque projet à la Route est guidé par les valeurs scoutes que tu as faites tiennes &hellip; <a href="http://sv014.be/index.php/route/" class="more-link">Continuer la lecture<span class="screen-reader-text"> de &laquo;&nbsp;Route&nbsp;&raquo;</span></a></p>
